{"id":1998,"date":"2023-08-31T15:05:11","date_gmt":"2023-08-31T13:05:11","guid":{"rendered":"https:\/\/farmservices.fr\/?page_id=1998"},"modified":"2023-08-31T15:14:30","modified_gmt":"2023-08-31T13:14:30","slug":"pompe-a-lisier","status":"publish","type":"page","link":"https:\/\/farmservices.fr\/index.php\/pompe-a-lisier\/","title":{"rendered":"Pompe \u00e0 lisier"},"content":{"rendered":"\t\t<div data-elementor-type=\"wp-page\" data-elementor-id=\"1998\" class=\"elementor elementor-1998\">\n\t\t\t\t\t\t<section class=\"elementor-section elementor-top-section elementor-element elementor-element-f902025 elementor-section-boxed elementor-section-height-default elementor-section-height-default exad-glass-effect-no exad-sticky-section-no\" data-id=\"f902025\" data-element_type=\"section\" data-e-type=\"section\">\n\t\t\t\t\t\t<div class=\"elementor-container elementor-column-gap-default\">\n\t\t\t\t\t<div class=\"elementor-column elementor-col-50 elementor-top-column elementor-element elementor-element-fb0ba68 exad-glass-effect-no exad-sticky-section-no\" data-id=\"fb0ba68\" data-element_type=\"column\" data-e-type=\"column\">\n\t\t\t<div class=\"elementor-widget-wrap elementor-element-populated\">\n\t\t\t\t\t\t<div class=\"elementor-element elementor-element-339115b exad-sticky-section-no exad-glass-effect-no elementor-widget elementor-widget-image\" data-id=\"339115b\" data-element_type=\"widget\" data-e-type=\"widget\" data-widget_type=\"image.default\">\n\t\t\t\t<div class=\"elementor-widget-container\">\n\t\t\t\t\t\t\t\t\t\t\t\t\t\t\t<img fetchpriority=\"high\" decoding=\"async\" width=\"246\" height=\"293\" src=\"https:\/\/farmservices.fr\/wp-content\/uploads\/2023\/07\/image-15-1.png\" class=\"attachment-large size-large wp-image-609\" alt=\"\" \/>\t\t\t\t\t\t\t\t\t\t\t\t\t\t\t<\/div>\n\t\t\t\t<\/div>\n\t\t\t\t\t<\/div>\n\t\t<\/div>\n\t\t\t\t<div class=\"elementor-column elementor-col-50 elementor-top-column elementor-element elementor-element-2ab1c97 exad-glass-effect-no exad-sticky-section-no\" data-id=\"2ab1c97\" data-element_type=\"column\" data-e-type=\"column\">\n\t\t\t<div class=\"elementor-widget-wrap elementor-element-populated\">\n\t\t\t\t\t\t<div class=\"elementor-element elementor-element-c58c040 exad-sticky-section-no exad-glass-effect-no elementor-widget elementor-widget-heading\" data-id=\"c58c040\" data-element_type=\"widget\" data-e-type=\"widget\" data-widget_type=\"heading.default\">\n\t\t\t\t<div class=\"elementor-widget-container\">\n\t\t\t\t\t<h2 class=\"elementor-heading-title elementor-size-default\"><div data-id=\"43d90a6\" data-element_type=\"widget\" data-widget_type=\"heading.default\" style=\"flex-basis: var(--flex-basis);flex-grow: var(--flex-grow);flex-shrink: var(--flex-shrink);align-self: var(--align-self);flex-direction: var(--flex-direction);flex-wrap: var(--flex-wrap);justify-content: var(--justify-content);align-items: var(--align-items);align-content: var(--align-content);gap: var(--gap);--swiper-theme-color: #000;--swiper-navigation-size: 44px;--swiper-pagination-bullet-size: 6px;--swiper-pagination-bullet-horizontal-gap: 6px;--widgets-spacing: 20px;width: 500px;, Roboto, Helvetica, Arial, sans-serif, sans-serif;font-size: 15px;font-weight: 400;text-transform: none\"><div><h2 style=\"font-family: var( --e-global-typography-primary-font-family ), Sans-serif;font-weight: var( --e-global-typography-primary-font-weight )\">POMPES \u00c0 LISIER<\/h2><\/div><\/div><\/h2>\t\t\t\t<\/div>\n\t\t\t\t<\/div>\n\t\t\t\t<div class=\"elementor-element elementor-element-42eab6c exad-sticky-section-no exad-glass-effect-no elementor-widget elementor-widget-text-editor\" data-id=\"42eab6c\" data-element_type=\"widget\" data-e-type=\"widget\" data-widget_type=\"text-editor.default\">\n\t\t\t\t<div class=\"elementor-widget-container\">\n\t\t\t\t\t\t\t\t\t<ul><li><span class=\"WdYUQQ text-decoration-none text-strikethrough-none\" style=\"color: #545454; font-weight: bold;\">Version horizontale et verticale<\/span><\/li><li><span class=\"WdYUQQ text-decoration-none text-strikethrough-none\" style=\"color: #545454; font-weight: bold;\">Hauteur max de refoulement : 502M<\/span><\/li><li><span class=\"WdYUQQ text-decoration-none text-strikethrough-none\" style=\"color: #545454; font-weight: bold;\">D\u00e9bit max : 324 m3 \/ h<\/span><\/li><li><span class=\"WdYUQQ text-decoration-none text-strikethrough-none\" style=\"color: #545454; font-weight: bold;\">Pompe broyeuse pour les corps solide<\/span><\/li><\/ul><ul><li><span class=\"WdYUQQ text-decoration-none text-strikethrough-none\" style=\"color: #545454; font-weight: bold;\">Mod\u00e8le \u00e9lectrique ou sur tracteur<\/span><\/li><\/ul>\t\t\t\t\t\t\t\t<\/div>\n\t\t\t\t<\/div>\n\t\t\t\t\t<\/div>\n\t\t<\/div>\n\t\t\t\t\t<\/div>\n\t\t<\/section>\n\t\t\t\t<\/div>\n\t\t","protected":false},"excerpt":{"rendered":"<p>POMPES \u00c0 LISIER Version horizontale et verticale Hauteur max de refoulement : 502M D\u00e9bit max : 324 m3 \/ h&hellip;<\/p>\n<p> <a class=\"more-link\" href=\"https:\/\/farmservices.fr\/index.php\/pompe-a-lisier\/\">Lire la suite<\/a><\/p>\n","protected":false},"author":1,"featured_media":0,"parent":0,"menu_order":0,"comment_status":"closed","ping_status":"closed","template":"","meta":{"footnotes":""},"class_list":["post-1998","page","type-page","status-publish"],"yoast_head":"<!-- This site is optimized with the Yoast SEO plugin v26.8 - https:\/\/yoast.com\/product\/yoast-seo-wordpress\/ -->\n<title>Pompe \u00e0 lisier - Farm Services<\/title>\n<meta name=\"description\" content=\"Pompe \u00e0 lisier verticale ou horizontale. Tous types de pompes disponibles pour vos syst\u00e8mes d&#039;\u00e9vacuation et de transport d&#039;effluents\" \/>\n<meta name=\"robots\" content=\"index, follow, max-snippet:-1, max-image-preview:large, max-video-preview:-1\" \/>\n<link rel=\"canonical\" href=\"https:\/\/farmservices.fr\/index.php\/pompe-a-lisier\/\" \/>\n<meta property=\"og:locale\" content=\"fr_FR\" \/>\n<meta property=\"og:type\" content=\"article\" \/>\n<meta property=\"og:title\" content=\"Pompe \u00e0 lisier - Farm Services\" \/>\n<meta property=\"og:description\" content=\"Pompe \u00e0 lisier verticale ou horizontale. Tous types de pompes disponibles pour vos syst\u00e8mes d&#039;\u00e9vacuation et de transport d&#039;effluents\" \/>\n<meta property=\"og:url\" content=\"https:\/\/farmservices.fr\/index.php\/pompe-a-lisier\/\" \/>\n<meta property=\"og:site_name\" content=\"Farm Services\" \/>\n<meta property=\"article:publisher\" content=\"https:\/\/www.facebook.com\/p\/Farm-Services-100081204763867\/\" \/>\n<meta property=\"article:modified_time\" content=\"2023-08-31T13:14:30+00:00\" \/>\n<meta property=\"og:image\" content=\"https:\/\/farmservices.fr\/wp-content\/uploads\/2023\/07\/image-15-1.png\" \/>\n<meta name=\"twitter:card\" content=\"summary_large_image\" \/>\n<meta name=\"twitter:label1\" content=\"Dur\u00e9e de lecture estim\u00e9e\" \/>\n\t<meta name=\"twitter:data1\" content=\"1 minute\" \/>\n<script type=\"application\/ld+json\" class=\"yoast-schema-graph\">{\"@context\":\"https:\/\/schema.org\",\"@graph\":[{\"@type\":\"WebPage\",\"@id\":\"https:\/\/farmservices.fr\/index.php\/pompe-a-lisier\/\",\"url\":\"https:\/\/farmservices.fr\/index.php\/pompe-a-lisier\/\",\"name\":\"Pompe \u00e0 lisier - Farm Services\",\"isPartOf\":{\"@id\":\"https:\/\/farmservices.fr\/#website\"},\"primaryImageOfPage\":{\"@id\":\"https:\/\/farmservices.fr\/index.php\/pompe-a-lisier\/#primaryimage\"},\"image\":{\"@id\":\"https:\/\/farmservices.fr\/index.php\/pompe-a-lisier\/#primaryimage\"},\"thumbnailUrl\":\"https:\/\/farmservices.fr\/wp-content\/uploads\/2023\/07\/image-15-1.png\",\"datePublished\":\"2023-08-31T13:05:11+00:00\",\"dateModified\":\"2023-08-31T13:14:30+00:00\",\"description\":\"Pompe \u00e0 lisier verticale ou horizontale. Tous types de pompes disponibles pour vos syst\u00e8mes d'\u00e9vacuation et de transport d'effluents\",\"breadcrumb\":{\"@id\":\"https:\/\/farmservices.fr\/index.php\/pompe-a-lisier\/#breadcrumb\"},\"inLanguage\":\"fr-FR\",\"potentialAction\":[{\"@type\":\"ReadAction\",\"target\":[\"https:\/\/farmservices.fr\/index.php\/pompe-a-lisier\/\"]}]},{\"@type\":\"ImageObject\",\"inLanguage\":\"fr-FR\",\"@id\":\"https:\/\/farmservices.fr\/index.php\/pompe-a-lisier\/#primaryimage\",\"url\":\"https:\/\/farmservices.fr\/wp-content\/uploads\/2023\/07\/image-15-1.png\",\"contentUrl\":\"https:\/\/farmservices.fr\/wp-content\/uploads\/2023\/07\/image-15-1.png\",\"width\":246,\"height\":293},{\"@type\":\"BreadcrumbList\",\"@id\":\"https:\/\/farmservices.fr\/index.php\/pompe-a-lisier\/#breadcrumb\",\"itemListElement\":[{\"@type\":\"ListItem\",\"position\":1,\"name\":\"acceuil\",\"item\":\"https:\/\/farmservices.fr\/\"},{\"@type\":\"ListItem\",\"position\":2,\"name\":\"Pompe \u00e0 lisier\"}]},{\"@type\":\"WebSite\",\"@id\":\"https:\/\/farmservices.fr\/#website\",\"url\":\"https:\/\/farmservices.fr\/\",\"name\":\"Farm Services\",\"description\":\"Farm-Services, le service \u00e0 la ferme\",\"potentialAction\":[{\"@type\":\"SearchAction\",\"target\":{\"@type\":\"EntryPoint\",\"urlTemplate\":\"https:\/\/farmservices.fr\/?s={search_term_string}\"},\"query-input\":{\"@type\":\"PropertyValueSpecification\",\"valueRequired\":true,\"valueName\":\"search_term_string\"}}],\"inLanguage\":\"fr-FR\"}]}<\/script>\n<!-- \/ Yoast SEO plugin. -->","yoast_head_json":{"title":"Pompe \u00e0 lisier - Farm Services","description":"Pompe \u00e0 lisier verticale ou horizontale. Tous types de pompes disponibles pour vos syst\u00e8mes d'\u00e9vacuation et de transport d'effluents","robots":{"index":"index","follow":"follow","max-snippet":"max-snippet:-1","max-image-preview":"max-image-preview:large","max-video-preview":"max-video-preview:-1"},"canonical":"https:\/\/farmservices.fr\/index.php\/pompe-a-lisier\/","og_locale":"fr_FR","og_type":"article","og_title":"Pompe \u00e0 lisier - Farm Services","og_description":"Pompe \u00e0 lisier verticale ou horizontale. Tous types de pompes disponibles pour vos syst\u00e8mes d'\u00e9vacuation et de transport d'effluents","og_url":"https:\/\/farmservices.fr\/index.php\/pompe-a-lisier\/","og_site_name":"Farm Services","article_publisher":"https:\/\/www.facebook.com\/p\/Farm-Services-100081204763867\/","article_modified_time":"2023-08-31T13:14:30+00:00","og_image":[{"url":"https:\/\/farmservices.fr\/wp-content\/uploads\/2023\/07\/image-15-1.png","type":"","width":"","height":""}],"twitter_card":"summary_large_image","twitter_misc":{"Dur\u00e9e de lecture estim\u00e9e":"1 minute"},"schema":{"@context":"https:\/\/schema.org","@graph":[{"@type":"WebPage","@id":"https:\/\/farmservices.fr\/index.php\/pompe-a-lisier\/","url":"https:\/\/farmservices.fr\/index.php\/pompe-a-lisier\/","name":"Pompe \u00e0 lisier - Farm Services","isPartOf":{"@id":"https:\/\/farmservices.fr\/#website"},"primaryImageOfPage":{"@id":"https:\/\/farmservices.fr\/index.php\/pompe-a-lisier\/#primaryimage"},"image":{"@id":"https:\/\/farmservices.fr\/index.php\/pompe-a-lisier\/#primaryimage"},"thumbnailUrl":"https:\/\/farmservices.fr\/wp-content\/uploads\/2023\/07\/image-15-1.png","datePublished":"2023-08-31T13:05:11+00:00","dateModified":"2023-08-31T13:14:30+00:00","description":"Pompe \u00e0 lisier verticale ou horizontale. Tous types de pompes disponibles pour vos syst\u00e8mes d'\u00e9vacuation et de transport d'effluents","breadcrumb":{"@id":"https:\/\/farmservices.fr\/index.php\/pompe-a-lisier\/#breadcrumb"},"inLanguage":"fr-FR","potentialAction":[{"@type":"ReadAction","target":["https:\/\/farmservices.fr\/index.php\/pompe-a-lisier\/"]}]},{"@type":"ImageObject","inLanguage":"fr-FR","@id":"https:\/\/farmservices.fr\/index.php\/pompe-a-lisier\/#primaryimage","url":"https:\/\/farmservices.fr\/wp-content\/uploads\/2023\/07\/image-15-1.png","contentUrl":"https:\/\/farmservices.fr\/wp-content\/uploads\/2023\/07\/image-15-1.png","width":246,"height":293},{"@type":"BreadcrumbList","@id":"https:\/\/farmservices.fr\/index.php\/pompe-a-lisier\/#breadcrumb","itemListElement":[{"@type":"ListItem","position":1,"name":"acceuil","item":"https:\/\/farmservices.fr\/"},{"@type":"ListItem","position":2,"name":"Pompe \u00e0 lisier"}]},{"@type":"WebSite","@id":"https:\/\/farmservices.fr\/#website","url":"https:\/\/farmservices.fr\/","name":"Farm Services","description":"Farm-Services, le service \u00e0 la ferme","potentialAction":[{"@type":"SearchAction","target":{"@type":"EntryPoint","urlTemplate":"https:\/\/farmservices.fr\/?s={search_term_string}"},"query-input":{"@type":"PropertyValueSpecification","valueRequired":true,"valueName":"search_term_string"}}],"inLanguage":"fr-FR"}]}},"_links":{"self":[{"href":"https:\/\/farmservices.fr\/index.php\/wp-json\/wp\/v2\/pages\/1998","targetHints":{"allow":["GET"]}}],"collection":[{"href":"https:\/\/farmservices.fr\/index.php\/wp-json\/wp\/v2\/pages"}],"about":[{"href":"https:\/\/farmservices.fr\/index.php\/wp-json\/wp\/v2\/types\/page"}],"author":[{"embeddable":true,"href":"https:\/\/farmservices.fr\/index.php\/wp-json\/wp\/v2\/users\/1"}],"replies":[{"embeddable":true,"href":"https:\/\/farmservices.fr\/index.php\/wp-json\/wp\/v2\/comments?post=1998"}],"version-history":[{"count":4,"href":"https:\/\/farmservices.fr\/index.php\/wp-json\/wp\/v2\/pages\/1998\/revisions"}],"predecessor-version":[{"id":2003,"href":"https:\/\/farmservices.fr\/index.php\/wp-json\/wp\/v2\/pages\/1998\/revisions\/2003"}],"wp:attachment":[{"href":"https:\/\/farmservices.fr\/index.php\/wp-json\/wp\/v2\/media?parent=1998"}],"curies":[{"name":"wp","href":"https:\/\/api.w.org\/{rel}","templated":true}]}}